is divided by 2?
1
Let w(d) = -12*d**3 - 3*d**2 - 2*d - 1. Let m be w(-2). Let a = 29 + m. Let l = -60 + a. What is the remainder when l is divided by 19?
18
What is the remainder when 119 is divided by (-106)/(5*10/(-25))?
13
Let w be (-184)/(-10) + 8/(-20). Let r = w - 17. Calculate the remainder when 51 is divided by r - ((-6)/(-3) - 14).
12
Let w = 82 - -340. What is the remainder when w is divided by 9?
8
Let c = -4 + 2. Let k be c*((-567)/(-6))/7. What is the remainder when 113 is divided by 9 - 13 - (0 + k)?
21
Let o be (-3)/(-5) + (-64)/(-10). Let p be o/14 - 6/(-4). Suppose -3*f + 2*g + p*g = 7, 0 = 4*f - 3*g. Calculate the remainder when 3 is divided by f.
0
Let i = -1 + 2. Let g = i - -10. Suppose -5*f = -2*s - s + 43, -4*f = -5*s + 89. What is the remainder when s is divided by g?
10
Calculate the remainder when (-6)/8*2*956/(-6) is divided by 81.
77
Let h = -46 + 110. Suppose 4*j - 6*q + q = h, 3*q = 12. What is the remainder when j is divided by 12?
9
Let d be 50/7 + 8/(-56). Suppose d*f - 5*f - 10 = 0. Suppose a + 2*a = -i + 53, i + 99 = f*a. Calculate the remainder when a is divided by 7.
5
Suppose -4*r + 17 = -611. What is the remainder when r is divided by 33?
25
Let y(t) = 20*t**2 - 21*t + 45. What is the remainder when y(2) is divided by 28?
27
Suppose -214 = r + 2*r - 4*f, 3*r - 2*f = -206. Let b = 170 + r. Calculate the remainder when b is divided by 21.
20
What is the remainder when 179 is divided by 115/9 - (8 + (-444)/54)?
10
Suppose 3*t + 3 = -h + 53, t = -3*h + 118. Calculate the remainder when h is divided by 7.
3
Suppose -2*i - 10*g + 42 = -5*g, i + 5*g - 31 = 0. What is the remainder when 54 is divided by i?
10
Let a = -114 - -125. Suppose 0 = -5*b + 2*l + 51, -4*l + a = 4*b - 13. What is the remainder when (16/3)/(1/3) is divided by b?
7
Calculate the remainder when (-10)/2 + 1 + 457 is divided by 26.
11
Suppose 2*f - f + 3 = 2*j, f - 11 = -5*j. Let c(l) = 0*l - l**3 + 5 - 6*l**j + 3 - l - 1. What is the remainder when c(-6) is divided by 8?
5
Let q(f) be the third derivative of -f**4/3 + 5*f**3/6 + 28*f**2. Let i(l) = l**3 - 4*l**2 + 4*l. What is the remainder when q(-5) is divided by i(4)?
13
Let y be (10 - 2)*26/4. Suppose -7*z + 9*z = y. What is the remainder when z is divided by 7?
5
Suppose -x + 1416 = 2*p, 4*p = -28*x + 25*x + 2830. What is the remainder when p is divided by 89?
86
Let o be 1/((0 - (-774)/194) + -4). Let z = -92 - o. What is the remainder when 23 is divided by z?
3
Suppose -3*g = -2*a - 203, 3*g + 16*a - 21*a = 197. Calculate the remainder when 248 is divided by g.
41
Suppose -4*f + 28 = -3*z, -f + 0*f + 59 = -4*z. Suppose -2*p - 5*h = -65, 0 = h + 2 - 3. Let o = p + z. What is the remainder when 40 is divided by o?
12
Let q be (138/(-12))/(1/(-2)). Let u = q + -18. Calculate the remainder when 11 is divided by u.
1
Let i(p) = 2*p - 3. Let q(g) = 10*g - 15. Let t(v) = 11*i(v) - 2*q(v). What is the remainder when 22 is divided by t(4)?
2
Let l = -219 + 421. Suppose 4*u = k + l, 8 = 3*k + 2. Calculate the remainder when u is divided by 9.
6
Let m(x) = -2*x**3 - 3*x - 1. Calculate the remainder when 244 is divided by m(-3).
58
Suppose 18*z - 984 = -66. What is the remainder when 813 is divided by z?
48
Let c be 3 - ((-4)/(-10) + (-6)/(-10)). Suppose -c*z = 3*m - 142, -z = -m + 2*z + 29. What is the remainder when m is divided by 30?
14
Suppose -3*b = 5*w - 44, 5*b - 100 = -0*w + 5*w. Calculate the remainder when 84 is divided by b.
12
Let a be 3/1 - (10 + -7). Suppose 2*p - 2*m = a, -2*m + 3*m = -5*p + 30. Calculate the remainder when 7 - ((-3 - 0) + 1) is divided by p.
4
Calculate the remainder when (8/6)/((-476)/(-28917)) is divided by 29.
23
Let r be 2 - 3 - -2*1. Let z = -117 - -149. Let y = z - r. Calculate the remainder when y is divided by 11.
9
Suppose 169 + 146 = 3*y. Calculate the remainder when y is divided by 36.
33
Suppose 0 = -5*k - 4*w + 6559, 2*k + 1311 = 3*k + w. Let s be k/15 + 4/(-6). Suppose -2*y + s = -5. What is the remainder when y is divided by 12?
10
Let w = 13 + -8. What is the remainder when (44/(-8) - -4)/(4/(-24)) is divided by w?
4
Calculate the remainder when 10 is divided by (-33)/22*16/(-6).
2
Let k = -1965 + 1978. What is the remainder when 116 is divided by k?
12
Let o = -64 - -167. What is the remainder when o is divided by 15?
13
Suppose -2*v + x = 0, 4*x = -4*v - 0*x + 24. Suppose -t - 4*h = -v*t + 25, 0 = -3*t - 4*h + 11. What is the remainder when 43 is divided by t?
7
Let h be (-36)/(-2) + -5 + 7. Suppose -4*k = -j + 20, -3*j + 5*k - h = -4*j. Suppose 3*p - 16 = j. What is the remainder when 47 is divided by p?
11
Suppose 2*a - 4*a = -4*z + 76, -2*z = 3*a - 46. Let g be (15 + -18)/(6/(-4)). What is the remainder when 7/(14/(-4)) + g + 78 is divided by z?
18
What is the remainder when (-5)/(880/(-32)) + (-262)/(-11) is divided by 18?
6
Let k(a) = 10*a**2 - 28*a - 120. Let m(f) = -3*f**2 + 9*f + 40. Let o(h) = -2*k(h) - 7*m(h). What is the remainder when 117 is divided by o(12)?
17
Let x = -25 + 151. Let n = 1582 + -1539. Calculate the remainder when x is divided by n.
40
Let t = -5 - 27. Let b = -11 - 5. Let g = b - t. Calculate the remainder when 30 is divided by g.
14
Suppose 22*d - 694 - 428 = 0. What is the remainder when 253 is divided by d?
49
Let y = -63 + 67. Let a(t) = t**3 + 6*t**2 + 2*t + 7. Let l be a(-5). Let f = l - y. What is the remainder when 34 is divided by f?
16
What is the remainder when (-287 + 0)/(91 + -92) is divided by 83?
38
Let g(m) = 2*m**3 - 3*m**2 + m + 2. Suppose 57 = 4*n - 5*h - 49, 5*n = 4*h + 137. Calculate the remainder when g(4) is divided by n.
28
Let i(g) be the first derivative of -g**4/4 - 20*g**3/3 - 5*g**2/2 - 46*g + 10. What is the remainder when i(-20) is divided by 14?
12
Let z = 6 - 6. Suppose z = -m + 12 + 3. Calculate the remainder when 42 is divided by m.
12
Let b(o) = -6*o**3 + o**2 + o - 14. What is the remainder when b(-3) is divided by 39?
37
Calculate the remainder when (-4)/10 - (-5270)/50 is divided by 37.
31
Let n = 15 + -12. Let o(r) = r**3 - r**2 + r + 2. Calculate the remainder when (-201)/3*(-2)/2 is divided by o(n).
21
Suppose 0 = 2*i + i - 102. Suppose -2*j + 59 = 3*b, 2*b - 5*b - 5*j + 62 = 0. What is the remainder when i is divided by b?
15
Suppose -353 = -5*z - 6*h + 2*h, -5*h + 148 = 2*z. Calculate the remainder when 84 is divided by z.
15
Let j = 99 + -93. Let n = 38 - 21. Suppose 0 = 2*p - 15 - n. What is the remainder when p is divided by j?
4
Let y = 5 - 3. Let o = 938 + -932. What is the remainder when o is divided by y?
0
Let o(h) = h**3 + 13*h**2 + 12*h + 1. Let x be o(-12). What is the remainder when 49 is divided by (-3 + x)*(-3)/6 + 16?
15
Let q(g) = 2*g**3 - 2*g**2 + g. Calculate the remainder when (-16)/(-10)*(-11)/(-44) - 24/(-15) is divided by q(1).
0
Let n(w) = -9*w - 2. Let x = 4 - 10. Let j be n(x). Suppose 4*t - 5*u - 92 = 0, -2*t + 4*u + j = -0*t. Calculate the remainder when 68 is divided by t.
14
Let o(b) = -b + 12. Let q be o(12). Suppose 3*v + v - 108 = q. Let x = 55 - v. What is the remainder when 53 is divided by x?
25
Let x(c) = 5*c**2 - 6*c + 23. Calculate the remainder when x(-5) is divided by 46.
40
Suppose 0 - 2 = -q. Suppose 0 = -q*z + 5*c + 26 + 29, 3*z = -4*c + 25. Suppose b - 2 - 27 = 0. What is the remainder when b is divided by z?
14
Let i = 45 - 17. Suppose 3*t + 5*f - 265 = 0, -13*f = t - 8*f - 105. What is the remainder when t is divided by i?
24
Let q(r) = -69*r + 564. Let w = 8 - -2. What is the remainder when q(8) is divided by w?
2
What is the remainder when (-2)/6*11/(33/(-738)) is divided by 28?
26
Let v(c) = -c + 91. What is the remainder when v(-14) is divided by 14?
7
Let w be -3*(1/(-3))/((-8)/(-40)). What is the remainder when 182 is divided by 42 + -1 + w + 0?
44
Suppose -t - 5*g = 3*t - 18, t + 5*g - 12 = 0. Suppose 28 = 9*m - 62. Suppose 5*z - 5 = m. Calculate the remainder when z is divided by t.
1
What is the remainder when ((-48)/(-18) + 6)/((-4)/(-48)) is divided by 66?
38
Suppose -b + h + 50 = 0, -5*b = 3*h - 4*h - 250. Suppose y = 3*y - b. What is the remainder when 71 is divided by y?
21
Let l(j) = j + 22. Let g be l(-7). Let q = 19 - g. Suppose -q*p = -8*p + 140. Calculate the remainder when p is divided by 12.
11
Suppose 